te the remainder when ((-2)/r)/(60/5670) is divided by 17.
12
Let v(r) = -12*r + 6. Suppose o + 8 = -4*z, -3*z + z + 4*o - 22 = 0. Let j be v(z). What is the remainder when (-120)/28*j/(-9) is divided by 7?
6
Suppose -81542 = -3*c + o, 2*c + 4*o - 24625 = 29769. What is the remainder when c is divided by 8?
7
Calculate the remainder when (-50)/30 - -1 - (-54312)/36 is divided by 56.
52
What is the remainder when 188 is divided by (85/(-10))/(22/(-176))?
52
Suppose 3*w = -5*r + 4, -5*r - 2*w = -4*w - 14. What is the remainder when 174 is divided by r + ((-184)/(-8) - 3)?
20
Suppose -f + 87 = 2*f. Suppose 1716*l - 75789 - 252250 = 10352 - 10635. What is the remainder when l is divided by f?
17
Let z = -12 - -16. Suppose z*y - 148 = -64. What is the remainder when 80 is divided by y?
17
What is the remainder when (5 - -80)/(0 + 1) is divided by (-18)/4*3256/(-666)?
19
Let v(s) = -4*s**2 - 38*s. Let n(q) = 1. Let l(x) = -5*n(x) - v(x). Let g = -41 + 70. What is the remainder when g is divided by l(-10)?
14
Let b = 108 - -90. Let z = b + -53. Calculate the remainder when z is divided by 49.
47
Suppose -94*z + 86*z + 224 = 0. What is the remainder when 4 + 4 + 24*(-3 + 4) is divided by z?
4
What is the remainder when (15/(-120)*-8)/((-2)/(-304)) is divided by 23?
14
Suppose -5*h = 3*s + 64, 3*h - s + 19 = h. Let i = h + 41. What is the remainder when i is divided by 7?
2
Suppose -24 = -16*j + 8. Suppose 3*t + j*t = 130. What is the remainder when 101 is divided by t?
23
Let s(o) = o**3 + 7*o**2 + 12*o + 10. Let z be s(-5). Suppose i = 27*w - 31*w + 59, -3*i + 4*w + 97 = z. Calculate the remainder when 189 is divided by i.
33
What is the remainder when (8 + 1 - -42)/((-13)/7 + 2) is divided by 90?
87
Let t(g) = -g**2 + 12. Let s be t(4). Let i be (-237)/(-27) - s/18. Suppose i*x - 12*x = -471. What is the remainder when x is divided by 40?
37
Suppose -4*c - 68*v = -72*v - 200, 140 = 3*c - v. Calculate the remainder when 48 is divided by c.
3
Let d be (0 - 0)*(0 + -1). Suppose d = -18*o + 19*o - 2. Suppose -6*v - o*v + 1832 = 0. What is the remainder when v is divided by 21?
19
Suppose 10*v = 42 + 58. Let g be (v/(-6))/(12/(-36)). Suppose 0 = g*h - 57 - 33. Calculate the remainder when 33 is divided by h.
15
Let k = -407 + 446. Calculate the remainder when (k/78)/((-2)/(-112)) is divided by 18.
10
Let s(y) be the first derivative of y**4/4 - 2*y**3/3 + 5*y + 23. Calculate the remainder when 81 is divided by s(3).
11
Let s(l) = 2*l - 26. Let u be s(15). Suppose 0 = -2*q - 2*w - 50, 3*q - u*w + 57 = -w. Let n = -9 - q. Calculate the remainder when 35 is divided by n.
9
Let k = 0 + 3. Suppose 0 = -k*p + c + 10, 5*c - 15 = -3*p + 7. Suppose -3*l + 5*d + 56 = -43, 5*d + 127 = p*l. What is the remainder when 75 is divided by l?
19
Let n = 37 - 48. Let y be (11 + n)*1*(-2 - -1). Suppose -5*o + 55 + 27 = 3*s, y = -4*o + 2*s + 70. Calculate the remainder when 33 is divided by o.
16
Suppose 7*v - 267 = -22. Suppose 7 = 10*y - 13. Suppose 0 = l + y*l - 9. Calculate the remainder when v is divided by l.
2
Suppose 2*c = -r + 205, -4*r = -5*c + 435 + 84. What is the remainder when 492 is divided by c?
80
Let p(x) = -x**2 - 5*x + 5. Let m be p(-6). Let r(l) = l**3 - 9*l**2 - 8*l + 9. What is the remainder when r(10) is divided by 12/(-18)*m/((-4)/(-96))?
13
Let k(b) = 3*b**3 - 14*b**2 - 38*b + 203. Let f = 216 - 92. What is the remainder when f is divided by k(5)?
10
Suppose -25 = 812*s - 813*s. Calculate the remainder when s is divided by 14.
11
What is the remainder when ((-975)/(-225))/((-3)/(-90)) is divided by 15?
10
Suppose -13 = -6*r + 17. Let b be (-1 - r/(-3))*252. Suppose 0 = u - 9*u + b. What is the remainder when 59 is divided by u?
17
Let b = -86 - -123. Let m(j) = -j**3 + 8*j**2 - 9*j - 10. Suppose -11 = 5*p - 1, -10 = -4*a - 5*p. What is the remainder when b is divided by m(a)?
17
Suppose 3*u = -3*s + 901 + 812, 0 = -u + 2*s + 577. What is the remainder when u is divided by 23?
21
Suppose 0 = -6*c + 2*c - l + 952, -c - 3*l = -249. Let t = -241 + 284. Suppose 4*u = 4*y + 103 + 45, u - t = -y. Calculate the remainder when c is divided by u.
37
Let l(o) = -o - 13. Let t be (-4)/(((-6)/8)/((-15)/8)). Let m be l(t). What is the remainder when 20 is divided by 3/2*(-16)/m?
4
Suppose d - 5*d = -1672 - 2240. What is the remainder when d is divided by 35?
33
Let b = 120 - 113. Calculate the remainder when (-1320)/(-70)*b/2 is divided by 34.
32
Suppose -31*p - 2*p = -41118. What is the remainder when p is divided by 74?
62
Let z be (630/120)/(6/8). Suppose -z*t + 588 = -168. Calculate the remainder when t is divided by 14.
10
Let u(j) = 90*j**3 + 3*j**2 - j - 8. Let s be u(-2). Let x = 781 + s. Suppose -1 = -2*i + 45. What is the remainder when x is divided by i?
21
Suppose -11039 + 1463 = -76*m. What is the remainder when 21039 is divided by m?
123
Suppose 11*s + 600 = 15*s. Suppose 3*n - s = -7*n. What is the remainder when 134 is divided by n?
14
Suppose z - 11644 = -5*y, -6972 = -3*y + 1002*z - 999*z. Calculate the remainder when y is divided by 7.
4
Suppose 16 = -q - 5*f, -q + 6*f - 3*f + 8 = 0. Calculate the remainder when 43 is divided by ((-2 - q)*1)/(2/(-18)).
7
Let l be (36/63)/(10/35). Suppose -5 = y, 6*g = 5*g - l*y + 47. Calculate the remainder when g is divided by 31.
26
Let j(p) = -p**2 - 5*p + 8. Let o be j(-7). Let w = o - 10. Calculate the remainder when (0 + (-54)/(-12))/((-3)/w) is divided by 9.
6
Let x be 224 + -219 - ((0 - -1) + 3). What is the remainder when 90 is divided by 312/26 + -1*x?
2
Let i = -10988 + 11080. Let a be (-2 + 4/3)*-15. Suppose -2*z = a, -3*q = 3*z - 72 + 15. Calculate the remainder when i is divided by q.
20
Let m(s) = -s**2 - 6*s + 10. Suppose -57*n = -56*n - 288. What is the remainder when 8 - ((-43)/9 - 64/n) is divided by m(-7)?
1
Let o be ((-16)/14 - -2)/(4/14). Suppose 0 = 5*n - n + o*y + 236, n + y = -60. Let f = n - -143. What is the remainder when f is divided by 11?
10
Calculate the remainder when 53768/14 + ((-1533)/(-147) - 10) is divided by 6.
1
Let f be (-23 + 27)*1/2. Suppose d - f*y - 62 = 0, d - 28 = y + 38. Let x = 412 - 388. What is the remainder when d is divided by x?
22
Suppose -4*v + 194 = -26. Calculate the remainder when 5*51/935 + (-10782)/(-33) is divided by v.
52
Let f(m) = 4*m**2 + 167*m + 2100. Calculate the remainder when f(-12) is divided by 224.
0
Suppose 228 = d + 13*m, 3*d - 404 = 23*m - 22*m. What is the remainder when 5749 is divided by d?
132
Let s(c) = -c**3 + 8*c**2 + 21*c - 7. Let y be s(10). Calculate the remainder when (-2727)/(-81) + y/9 is divided by 5.
4
Let i be (270/72)/(2/(-64)). Let k = i - -54. Calculate the remainder when 22/k - (-110)/6 is divided by 10.
8
Let r be (-2 - (1 - 2))/((-5)/(-45)). Let m be -30*6/r*3/5. Suppose -g + m = -1. What is the remainder when g is divided by 8?
5
Let w be (-3*(-3288)/(-9))/(-2). Suppose u + 542 = 4*r + 3*u, -4*r = 4*u - w. What is the remainder when r is divided by 27?
26
Let r(b) = 2*b - 33. Let q be r(15). Calculate the remainder when (1 - (0 - 0)) + 139 is divided by (85/10 + -2)/(q/(-6)).
10
Suppose -40*s + 3616 = 60*s - 484. Calculate the remainder when 207 is divided by s.
2
Let o(m) = -7*m + 3. Let r be o(1). Let k(a) = -a**3 - 7*a**2 - 6*a - 18. What is the remainder when (104 + -1)/(r/(-12)) is divided by k(-7)?
21
Let i(a) = -31*a - a**3 + 12 + 27*a + 21*a + 15*a**2. Let z(o) = -7*o + 2. Let k be z(-2). What is the remainder when 82 is divided by i(k)?
26
Let b = -233 + 419. Calculate the remainder when b is divided by 11.
10
Calculate the remainder when -8 - (-6 + -436 + -5 + 6) is divided by 104.
17
Let z(u) = 7*u**2 + 301*u - 139. Calculate the remainder when 9922 is divided by z(13).
8
What is the remainder when 3492 is divided by ((-16)/20)/2*(2 - -36)*-10?
148
Let f(n) = -20*n + 98. Let i be f(4). Suppose 18*c = 23*c - 5*z - 95, 3*z - i = -2*c. Calculate the remainder when 236 is divided by c.
11
Let d(w) = w**3 + 9*w**2 + 8*w - 17. Let m be d(-8). Let b = 12 + m. Calculate the remainder when 25 is divided by 1 - b/(25/40).
7
Suppose -1285*x + 2*n - 806 = -1287*x, 2*x - 5*n = 806. Calculate the remainder when x is divided by 92.
35
Suppose 363 - 1435 = 8*f. Let a = 206 + f. What is the remainder when a is div